8. Let v be u(-6). Suppose -8 = 3*n + v. Determine j(n).
5
Let u(k) = k**3 - 8*k**2 + k - 1. Let q = -40 + 48. Calculate u(q).
7
Let t(h) be the first derivative of h**3/3 + h**2/2 + 3*h - 11. Let j(a) = -a**3 + 3*a**2 - 2*a. Let p be j(2). Give t(p).
3
Let z(o) = 6*o. Let s(v) = 5*v + 1. Let g(b) = 4*s(b) - 3*z(b). Determine g(-4).
-4
Let s(b) = -b**2 + 6*b + 1. Let x(w) = -3 + 6 - 3*w**2 + 12*w + 0. Let v(p) = 5*s(p) - 2*x(p). Suppose 3*f - 5 = 4*f. What is v(f)?
-6
Let b(l) be the first derivative of l**2 + 4*l + 1. Suppose p + 4*f - 1 - 4 = 0, 4*p = -2*f - 8. Determine b(p).
-2
Let c(z) be the third derivative of -z**4/8 + 16*z**2. What is c(2)?
-6
Let p be (0 - 2/4)*10. Let j(s) = -3*s - 6. What is j(p)?
9
Let g = -21 - -22. Let d(c) = -3 - 30*c + 29*c + g. Calculate d(5).
-7
Suppose i - 13 = 3*u, i + 4 = 5*i. Let w = u - -7. Let c(h) = -3 - h - 4*h**2 + w. Give c(1).
-5
Let o = -7 + 11. Let p(f) = f**2 - f - 1. Let a(x) = -x**3 - x**2 + 4*x + 7. Let c(t) = -a(t) - 5*p(t). Determine c(o).
2
Let d(w) = 2*w - 7*w - 4 + 5*w + 7*w. What is d(-3)?
-25
Let f(u) = -u**2 + 3*u + 2. Let c be f(2). Let a(d) be the second derivative of -d**3/2 + 2*d**2 + 7*d. What is a(c)?
-8
Let d(n) be the first derivative of -5*n**4/4 + n**3/3 - n**2/2 - n - 7. Suppose 2*g = -3*g + 10. Let a be 1/g + 6/(-4). What is d(a)?
6
Let b(d) = -4*d - 33. Let c(i) = -2*i - 16. Let o(a) = 6*b(a) - 13*c(a). What is o(-7)?
-4
Let h(p) = -p**3 - 4*p**2 + 5*p - 7. Suppose -12*o + 17*o + 25 = 0. Calculate h(o).
-7
Suppose -6*p + 4*p = 14. Let m(l) = 2*l + 4. Determine m(p).
-10
Let i(h) = 3*h + 8 - 10 - 2*h. Let f = -5 - -10. Suppose 12 = y + f*m, 3*y - 4*m + 4 = y. Calculate i(y).
0
Suppose -11*i - 88 = -22*i. Let n(a) = -a + 9. What is n(i)?
1
Let t(m) = -13*m**2 - 13*m**2 + 36*m**2 - 16*m**2 + 3*m - 3. Determine t(2).
-21
Let n(j) = -8*j**2 + j + 2. Let r(s) = 10*s**2 + 4*s + 2. Let z(v) = -9*v**2 - 5*v - 3. Let w(k) = -6*r(k) - 5*z(k). Let f(l) = 5*n(l) - 3*w(l). Give f(-1).
4
Let f(z) = -z**2 - 7*z. Let q(h) = 3*h + 20. Let t be q(-9). What is f(t)?
0
Let c(z) = -7*z**2 + 0 + 15*z**2 - 1 + 0. What is c(1)?
7
Let a(y) be the third derivative of 13*y**4/24 - y**3/6 - 2*y**2. Determine a(1).
12
Let d(p) = -p**3 + 5*p**2 + 5*p. Suppose 3*h - 2*h = 5*s - 30, 3*s = 4*h + 18. Determine d(s).
-6
Let p = -4 - -8. Let h(q) = q**2 - 5*q + 6. What is h(p)?
2
Let n(y) be the third derivative of -y**9/30240 - y**8/10080 - y**7/5040 - y**6/360 + y**5/20 + 3*y**2. Let d(v) be the third derivative of n(v). Give d(-2).
8
Let r = 4 + -7. Let l = 0 - r. Let u(s) = -s + l - 5 + 0*s. Give u(5).
-7
Let c(b) = 2*b**2 + b - 3. Let z(o) = 5*o**2 + 3*o - 8. Let n(s) = -17*c(s) + 6*z(s). Let y(h) = -3*h**2 + 3. Let w(l) = -2*n(l) + 3*y(l). Give w(-5).
-12
Let d(r) = -r + 17. Let y(g) = -g + 16. Let a(t) = -3*d(t) + 4*y(t). Calculate a(11).
2
Let v be (-1)/(1/(-2) + 0). Let f(u) = -2 - 21*u + 5 + 0 + 18*u. Give f(v).
-3
Let d(q) = -q**3 + 3*q**2 + q - 1. Suppose -3*m + 4*a = -12, 4 = m + 3*a - 0*a. Suppose m*o = 2*o + 6. Determine d(o).
2
Let w = -2 + 3. Let l(s) = -4*s - 1. Let i be l(w). Let h(t) = t - 3. Determine h(i).
-8
Let c = 9 + 11. Let b be 9/6*c/6. Let p(z) be the first derivative of z**2/2 - 5*z - 2. Determine p(b).
0
Let i(d) = d**2 - 7*d + 1. Let w be (1 - -1)/((-10)/(-35)). Calculate i(w).
1
Suppose 0 = -r - 2*n, 0 = -r + 2*n + 5 + 3. Let p(u) = 0 + 1 + 3 - u. What is p(r)?
0
Let u = -5 - -8. Suppose -5*c - u = -j, 15 = 5*j - 3*c + 5*c. Let t(a) = j*a - 4 + 0*a - a + a**2. Calculate t(-3).
-1
Let g(r) = -9 - 4*r**2 + 7 - 4*r + 5 + r**3. What is g(5)?
8
Let d be ((-2)/(-3))/((-6)/(-45)). Let f(p) = p - 4. What is f(d)?
1
Let o(c) = -4*c + 6. Let j(f) = -2*f + 3. Let p(k) = 7*j(k) - 3*o(k). What is p(2)?
-1
Let w be (12/(-15))/((-1)/(-5)). Let c(s) = s**2 + 2*s - 4. Let k be c(w). Let v(g) = -g - 5. What is v(k)?
-9
Let l(i) be the second derivative of 5*i**4/12 - i**3/6 - 2*i**2 + 6*i. Let x(m) be the first derivative of l(m). Give x(-1).
-11
Suppose 4*n + 2*a - a - 17 = 0, 4*n + 5*a = 37. Let g(k) = k**2 + k + 2 - n*k**3 + 0 - 1. Let v(s) = -s**2 - 3*s - 1. Let t be v(-3). What is g(t)?
4
Let a(h) = h - 7. Let i be a(9). Let l(p) = 3*p - 2 + 1 - i. Give l(3).
6
Suppose 2*a + 2*a - 20 = 0. Suppose 5*u - a*k - 40 = 0, -u + k = -5*u + 17. Let w(t) = 5*t + 2 + 0 - t**2 + 3. What is w(u)?
5
Let a be 1*4*(1 - 2). Let v(m) = m**3 - m**2 - m + 1. Let u(y) = -12*y**3 + 3*y**2 + 5*y - 3. Let x(w) = a*v(w) - u(w). Give x(-1).
-7
Let d(z) be the third derivative of -z**6/360 + 7*z**5/120 - 3*z**4/8 + z**3/2 + z**2. Let g(r) be the first derivative of d(r). Give g(6).
-3
Let m = 2 - -1. Let c = -6 + m. Let l(s) = -2 - s**2 - 2*s - 3*s + 0*s**2. What is l(c)?
4
Let u(c) = -2*c + 1 - 4*c - 13. Let a(m) = 0 + 1 - m - 3. Let y(z) = -34*a(z) + 6*u(z). Calculate y(-5).
6
Suppose -8 = 7*r + 13. Let i(y) be the third derivative of y**5/60 + y**4/4 + y**3/2 - y**2. Calculate i(r).
-6
Let f = -44 + 38. Let i(m) = -m**3 - 7*m**2 - 7*m - 2. Give i(f).
4
Let y(o) = 2*o. Let h(p) be the first derivative of -p**2/2 - 4*p + 6. Let z be -2*(-1)/4*-10. Let b be h(z). What is y(b)?
2
Let m(j) = -2*j + 9. Suppose 4*f - 12 = 4. Let r be m(f). Let o(u) = -10*u**2 + u - 1. Give o(r).
-10
Let o(n) be the third derivative of -n**5/60 - 3*n**4/8 - 4*n**2. Calculate o(-8).
8
Let v(x) = x**2 + 2. Let j be v(-2). Let a(q) = -q**2 + j*q + 2*q**2 - 3*q - 6. What is a(-5)?
4
Let j(n) = -3*n**2 + 4*n. Let v(k) = 14*k**2 - 20*k - 1. Let s(u) = -11*j(u) - 2*v(u). What is s(2)?
14
Let r(o) = -6*o + 1. Let j(z) = z**2 - z. Let w(u) = -6*j(u) + r(u). Let s(c) = -c**3 - 3*c**2 + 3*c. Let i be s(-4). Suppose 0 - i = -4*g. Determine w(g).
-5
Let h = -4 + 8. Suppose -5*w - 10 = -j + 9, j = -h*w + 1. Let n = j + -7. Let u(v) = v**3 - 2*v**2 + 3*v - 2. Determine u(n).
4
Let i be 4 - 12/((-6)/(-2)). Let t(x) = -x + 4. Calculate t(i).
4
Let i(x) = x + 6. Let d be i(-5). Let r(q) = q + 1. Let w(v) = 2. Let a(b) = -1. Let p(y) = 5*a(y) + 2*w(y). Let u(k) = d*p(k) - 2*r(k). Determine u(-3).
3
Let l(v) = -v**2 + 4*v - 1. Let m be l(5). Let h(i) = i + 6. What is h(m)?
0
Let h be (0 - 11) + -1 + 5. Let m(a) = -a**3 - 7*a**2 - a - 3. Calculate m(h).
4
Suppose 3*z - 26 = -4*g - 2*z, 4*z = -4*g + 24. Suppose 2*q + 1 = -3*a, -5*a = 4*q + 3 - g. Let p(i) = 2*i**2 - 3*i**2 - 1 - q + 4 + 6*i. Give p(5).
4
Let u(r) = -2*r + 1. Let z be u(2). Let w be -6 + (-2 - z)*1. Let v(t) = -t**3 - 5*t**2 - 2*t - 1. Determine v(w).
9
Let s(r) = -r**3 - 8*r**2 - 7*r + 4. Let k be s(-7). Let m(t) = -5*t + 1. Determine m(k).
-19
Suppose -m = -0*m. Suppose m = 2*c - c. Let a(u) = -u + 7. Determine a(c).
7
Suppose -2*b = -5*n - 13, 3 - 6 = 3*n. Suppose 5*t - 4*a - 10 = 0, 3*t - 32 = t - b*a. Let i(x) = -x**3 + 7*x**2 - 7*x - 1. Calculate i(t).
-7
Let j(i) = 11*i**3 + 20*i**2 + 23*i + 12. Let g(h) be the first derivative of -h**4 - 1 - 4*h**2 - 7/3*h**3 - 4*h. Let b(a) = -8*g(a) - 3*j(a). What is b(-3)?
2
Let v(o) be the second derivative of o**3/3 + 5*o**2/2 + 10*o. Calculate v(-6).
-7
Let y(j) = 0*j + 0*j + j - j**2 + 2. Determine y(-2).
-4
Suppose 4*h = 15 - 23. Let o(l) = 5*l + 3. Give o(h).
-7
Let x(k) = -3*k + 1. Let q(w) be the second derivative of w**5/20 - w**4/2 + w**3/6 - 5*w**2/2 - 2*w. Let z be q(6). Give x(z).
-2
Let i(u) be the third derivative of -u**5/30 + u**4/6 + u**3/6 - u**2. Suppose 4*p - 12 = 2*h, p + 2*h - 1 = 2. What is i(p)?
-5
Let a(c) = -4*c + 6. Let q(b) = 8*b - 2 - 2 - 7. Let k(p) = -5*a(p) - 3*q(p). What is k(2)?
-5
Let u = 5 + -4. Let o be 1/(-4) - 22/8. Let l = u + o. Let v(d) = d**3 - 3*d - 3. What is v(l)?
-5
Suppose 2*p = -p + 15. Let m(f) be the first derivative of f**3/3 - 2*f**2 - 2*f - 3. What is m(p)?
3
Let c(k) = -2*k**2 - k + 5. Let a(h) = 3*h**2 + 2*h - 7. Let p(v) = -5*a(v) - 7*c(v). Suppose 2*z - 2 = 6. Suppose -4*o - z - 12 = 0. What is p(o)?
-4
Let t(a) = 2*a**2 + a - 2. Let u be 3/2*(-8)/(-6). Suppose -20 = 5*l - x, x - 16 + u = 3*l. What is t(l)?
13
Suppose -4*r = -2*r. Let p(n) = 16*n**3 - 5*n**2 - 11*n + 29. Let f(g) = -3*g**3 + g**2 + 2*g - 6. Let d(j) = 11*f(j) + 2*p(j). Calculate d(r).
-8
Let f(u) be the first derivative of 2 + 1/60*u**5 + 1/3*u**3 + 3/2*u**2 + 0*u + 1/24*u**4. Let p(z) be the second derivative of f(z)